{"id":33073,"date":"2025-05-31T15:55:41","date_gmt":"2025-05-31T13:55:41","guid":{"rendered":"https:\/\/vremeplov.ba\/2025\/?page_id=33073"},"modified":"2025-05-31T15:56:04","modified_gmt":"2025-05-31T13:56:04","slug":"kratke-crte-o-autoru-3","status":"publish","type":"page","link":"https:\/\/vremeplov.ba\/2025\/sr-latn\/kratke-crte-o-autoru-3\/","title":{"rendered":"Kratke crte o autoru"},"content":{"rendered":"\n<p class=\"has-medium-font-size\">Sre\u0107ko Ignjatovi\u0107, iz Semizovca nadomak Sarajeva, \u010dovek je \u010dija je \u017eivotna i profesionalna pri\u010da neraskidivo vezana za \u017eeleznicu. Vi\u0161e od 40 godina proveo je u \u017eelezni\u010dkom sektoru, rade\u0107i od 1978. do 2018. godine. Iako nije imao priliku da se \u0161koluje na nekom univerzitetu, njegova ljubav prema istoriji \u017eeleznica u BiH nadoknadila je formalno obrazovanje kroz desetine godina samostalnog istra\u017eivanja, prikupljanja gra\u0111e i terenskog rada.<\/p>\n\n\n\n<p class=\"has-medium-font-size\">Njegovo zanimanje za istoriju \u017eelezni\u010dkog saobra\u0107aja zapo\u010dinje 1996. godine, kada po\u010dinje sistematski da sakuplja knjige, stare fotografije, dokumente i tehni\u010dke skice. Vremenom, to je preraslo u \u017eivotni poziv i rezultat tog rada danas je sa\u017eet u web stranici vremeplov.ba \u2013 svojevrsnom digitalnom muzeju \u017eelezni\u010dke pro\u0161losti Bosne i Hercegovine.<\/p>\n\n\n\n<p class=\"has-medium-font-size\">Sre\u0107ko se specijalizovao za istra\u017eivanje industrijskih, \u0161umskih i rudni\u010dkih pruga koje su igrale klju\u010dnu ulogu u razvoju privrede BiH, naro\u010dito u periodu Austro-Ugarske i kasnijih decenija. Njegov rad prepoznali su ne samo zaljubljenici u \u017eeleznice u BiH, ve\u0107 i istra\u017eiva\u010di i entuzijasti \u0161irom Evrope. Bez i najmanje institucionalne podr\u0161ke, Sre\u0107ko je izgradio jedan od najdetaljnijih digitalnih arhiva o \u017eeleznicama u regionu.<\/p>\n","protected":false},"excerpt":{"rendered":"<p>Sre\u0107ko Ignjatovi\u0107, iz Semizovca nadomak Sarajeva, \u010dovek je \u010dija je \u017eivotna i profesionalna pri\u010da neraskidivo vezana za \u017eeleznicu. Vi\u0161e od 40 godina proveo je u \u017eelezni\u010dkom sektoru, rade\u0107i od 1978. do 2018. godine. Iako nije imao priliku da se \u0161koluje na nekom univerzitetu, njegova ljubav prema istoriji \u017eeleznica u BiH nadoknadila je formalno obrazovanje kroz&hellip;&nbsp;<a href=\"https:\/\/vremeplov.ba\/2025\/sr-latn\/kratke-crte-o-autoru-3\/\" rel=\"bookmark\">Read More &raquo;<span class=\"screen-reader-text\">Kratke crte o autoru<\/span><\/a><\/p>\n","protected":false},"author":1,"featured_media":0,"parent":0,"menu_order":0,"comment_status":"closed","ping_status":"closed","template":"","meta":{"give_campaign_id":0,"neve_meta_sidebar":"","neve_meta_container":"","neve_meta_enable_content_width":"","neve_meta_content_width":0,"neve_meta_title_alignment":"","neve_meta_author_avatar":"","neve_post_elements_order":"","neve_meta_disable_header":"","neve_meta_disable_footer":"","neve_meta_disable_title":"","ngg_post_thumbnail":0,"pgc_sgb_lightbox_settings":"","_themeisle_gutenberg_block_has_review":false,"footnotes":""},"class_list":["post-33073","page","type-page","status-publish","hentry"],"campaignId":"","_links":{"self":[{"href":"https:\/\/vremeplov.ba\/2025\/wp-json\/wp\/v2\/pages\/33073","targetHints":{"allow":["GET"]}}],"collection":[{"href":"https:\/\/vremeplov.ba\/2025\/wp-json\/wp\/v2\/pages"}],"about":[{"href":"https:\/\/vremeplov.ba\/2025\/wp-json\/wp\/v2\/types\/page"}],"author":[{"embeddable":true,"href":"https:\/\/vremeplov.ba\/2025\/wp-json\/wp\/v2\/users\/1"}],"replies":[{"embeddable":true,"href":"https:\/\/vremeplov.ba\/2025\/wp-json\/wp\/v2\/comments?post=33073"}],"version-history":[{"count":1,"href":"https:\/\/vremeplov.ba\/2025\/wp-json\/wp\/v2\/pages\/33073\/revisions"}],"predecessor-version":[{"id":33074,"href":"https:\/\/vremeplov.ba\/2025\/wp-json\/wp\/v2\/pages\/33073\/revisions\/33074"}],"wp:attachment":[{"href":"https:\/\/vremeplov.ba\/2025\/wp-json\/wp\/v2\/media?parent=33073"}],"curies":[{"name":"wp","href":"https:\/\/api.w.org\/{rel}","templated":true}]}}

<p class="has-medium-font-size">Srećko Ignjatović, iz Semizovca nadomak Sarajeva, čovek je čija je životna i profesionalna priča neraskidivo vezana za železnicu. Više od 40 godina proveo je u železničkom sektoru, radeći od 1978. do 2018. godine. Iako nije imao priliku da se školuje na nekom univerzitetu, njegova ljubav prema istoriji železnica u BiH nadoknadila je formalno obrazovanje kroz desetine godina samostalnog istraživanja, prikupljanja građe i terenskog rada.</p>



<p class="has-medium-font-size">Njegovo zanimanje za istoriju železničkog saobraćaja započinje 1996. godine, kada počinje sistematski da sakuplja knjige, stare fotografije, dokumente i tehničke skice. Vremenom, to je preraslo u životni poziv i rezultat tog rada danas je sažet u web stranici vremeplov.ba – svojevrsnom digitalnom muzeju železničke prošlosti Bosne i Hercegovine.</p>



<p class="has-medium-font-size">Srećko se specijalizovao za istraživanje industrijskih, šumskih i rudničkih pruga koje su igrale ključnu ulogu u razvoju privrede BiH, naročito u periodu Austro-Ugarske i kasnijih decenija. Njegov rad prepoznali su ne samo zaljubljenici u železnice u BiH, već i istraživači i entuzijasti širom Evrope. Bez i najmanje institucionalne podrške, Srećko je izgradio jedan od najdetaljnijih digitalnih arhiva o železnicama u regionu.</p>

<p>Srećko Ignjatović, iz Semizovca nadomak Sarajeva, čovek je čija je životna i profesionalna priča neraskidivo vezana za železnicu. Više od 40 godina proveo je u železničkom sektoru, radeći od 1978. do 2018. godine. Iako nije imao priliku da se školuje na nekom univerzitetu, njegova ljubav prema istoriji železnica u BiH nadoknadila je formalno obrazovanje kroz&hellip;&nbsp;<a href="https://vremeplov.ba/2025/sr-latn/kratke-crte-o-autoru-3/" rel="bookmark">Read More &raquo;<span class="screen-reader-text">Kratke crte o autoru</span></a></p>
